to base 8
1637
What is 6524 (base 7) in base 6?
14425
Convert 75b6 (base 12) to base 5.
403304
What is 1762 (base 13) in base 12?
2004
What is -5534 (base 8) in base 5?
-43113
Convert -113 (base 16) to base 8.
-423
Convert 1537 (base 12) to base 5.
34431
Convert -42c (base 14) to base 9.
-1115
What is 740 (base 14) in base 4?
112110
130311 (base 4) to base 15
830
Convert -302133 (base 4) to base 12.
-1a53
Convert 10000001 (base 2) to base 16.
81
-336 (base 10) to base 4
-11100
What is 1211211 (base 3) in base 7?
3631
What is -5cf (base 16) in base 8?
-2717
Convert 22626 (base 8) to base 14.
3714
What is -811 (base 16) in base 10?
-2065
Convert 211012102 (base 3) to base 5.
1004214
Convert e9 (base 15) to base 10.
219
-13517 (base 8) to base 13
-2940
Convert 2310432 (base 5) to base 7.
231414
What is -37776 (base 9) in base 14?
-939c
Convert 766 (base 8) to base 7.
1315
440 (base 12) to base 15
2b9
Convert 194 (base 10) to base 7.
365
What is 4042 (base 9) in base 6?
21402
Convert -49729 (base 10) to base 15.
-eb04
15644 (base 7) to base 9
6075
What is -199 (base 13) in base 16?
-127
56822 (base 10) to base 4
31313312
Convert -19f (base 16) to base 5.
-3130
What is c2a (base 14) in base 10?
2390
Convert -407 (base 12) to base 13.
-35b
What is 2111211 (base 3) in base 5?
24311
Convert 216515 (base 7) to base 4.
21112322
-10 (base 14) to base 9
-15
What is -35d0 (base 15) in base 7?
-45240
What is 34b (base 12) in base 6?
2135
Convert 19b (base 16) to base 15.
1c6
Convert -401 (base 11) to base 14.
-269
-102425 (base 7) to base 10
-17708
331013 (base 4) to base 2
111101000111
What is -303 (base 11) in base 10?
-366
Convert 202001 (base 3) to base 7.
1402
51d (base 16) to base 4
110131
Convert -177 (base 11) to base 2.
-11001101
What is -1100101001001110 (base 2) in base 3?
-2122001011
Convert -2031 (base 5) to base 13.
-176
What is -2131 (base 5) in base 8?
-443
-1001222221 (base 3) to base 12
-10297
Convert 1228 (base 10) to base 8.
2314
Convert -676 (base 9) to base 4.
-20223
What is -56524 (base 7) in base 6?
-150154
What is b8a5 (base 14) in base 10?
31897
Convert -1210 (base 6) to base 10.
-294
Convert 223c0 (base 13) to base 9.
104257
What is 915 (base 11) in base 2?
10001010001
Convert 9356 (base 14) to base 11.
18065
-11011111101 (base 2) to base 15
-7e4
11323 (base 4) to base 10
379
What is -b5d9 (base 15) in base 7?
-220053
1197 (base 10) to base 2
10010101101
What is -26b (base 12) in base 5?
-2441
111101 (base 2) to base 13
49
What is -10104 (base 5) in base 13?
-3b4
What is -12364 (base 10) in base 15?
-39e4
3315 (base 9) to base 13
1160
What is 412 (base 13) in base 14?
375
Convert fc (base 16) to base 9.
310
Convert 10102 (base 9) to base 15.
1e7e
Convert -569a (base 11) to base 10.
-7490
Convert 67170 (base 8) to base 4.
12321320
What is 320a (base 12) in base 3?
21112001
-32644 (base 9) to base 7
-120112
4b7 (base 16) to base 4
102313
141 (base 11) to base 8
246
What is -41a4 (base 11) in base 14?
-2051
-b320 (base 12) to base 3
-222200220
What is 4393 (base 12) in base 9?
11203
What is 419 (base 11) in base 10?
504
What is 653 (base 15) in base 4?
112110
Convert 8f55 (base 16) to base 15.
ad13
What is -1110020210 (base 3) in base 10?
-28614
-70465 (base 8) to base 13
-10264
Convert 2148 (base 16) to base 12.
4b20
Convert -3424 (base 7) to base 16.
-4db
1a7 (base 15) to base 4
11332
Convert -1212212 (base 4) to base 13.
-2cb1
What is -1112120 (base 3) in base 15?
-4ec
228 (base 14) to base 8
654
What is 1010101100010100 (base 2) in base 16?
ab14
What is -25 (base 8) in base 4?
-111
What is -133300 (base 4) in base 9?
-2707
What is 1412 (base 6) in base 12?
268
What is 169 (base 12) in base 2?
11100001
1104 (base 9) to base 7
2242
What is -10011 (base 4) in base 7?
-522
43 (base 13) to base 16
37
What is 32012 (base 4) in base 10?
902
Convert 113 (base 11) to base 5.
1020
What is -ed9 (base 15) in base 5?
-101404
2570 (base 15) to base 6
100540
What is -4313 (base 8) in base 10?
-2251
Convert 493 (base 13) to base 8.
1434
What is -2073 (base 9) in base 2?
-10111110100
Convert 464 (base 14) to base 11.
723
What is -177b (base 15) in base 14?
-1bbc
Convert 74 (base 13) to base 7.
164
What is 93e (base 16) in base 12?
1452
126c (base 13) to base 12
1629
Convert 1562 (base 9) to base 4.
102212
Convert 1417 (base 10) to base 3.
1221111
What is 349 (base 16) in base 2?
1101001001
143481 (base 9) to base 16
15745
Convert 2012442 (base 5) to base 3.
1122020100
What is 180 (base 10) in base 9?
220
-18bb2 (base 15) to base 13
-2a6c5
980 (base 10) to base 15
455
What is -23929 (base 11) in base 6?
-423123
What is -288e (base 16) in base 6?
-120022
What is 152 (base 10) in base 5?
1102
What is 201130 (base 5) in base 16?
190f
-2341 (base 5) to base 11
-295
What is -11110001101 (base 2) in base 3?
-2122121
What is -2020200 (base 3) in base 15?
-743
-1010011111 (base 2) to base 7
-1646
Convert 394 (base 10) to base 16.
18a
-16d9 (base 15) to base 12
-2a29
Convert 3118 (base 10) to base 2.
110000101110
44e (base 15) to base 6
4302
What is -143220 (base 6) in base 15?
-40cc
Convert 21 (base 5) to base 9.
12
3246 (base 7) to base 13
6b4
-10101200 (base 3) to base 4
-212223
What is -2146 (base 14) in base 3?
-21212211
a93 (base 13) to base 10
1810
Convert -502c (base 16) to base 7.
-113560
Convert 23330 (base 7) to base 4.
1131233
41ac (base 13) to base 15
2a69
262 (base 10) to base 5
2022
Convert 4510 (base 7) to base 15.
734
Convert -80568 (base 9) to base 16.
-cedb
-7299 (base 10) to base 7
-30165
-1284 (base 9) to base 10
-967
What is -221331 (base 4) in base 12?
-1679
What is 14423 (base 10) in base 14?
5383
What is 30a (base 16) in base 6?
3334
What is -9a9 (base 11) in base 15?
-558
-583 (base 10) to base 4
-21013
What is -7307 (base 10) in base 13?
-3431
What is 1333 (base 6) in base 12?
249
What is 2212301 (base 4) in base 10?
10673
What is 2523 (base 14) in base 12?
3917
-1330300 (base 4) to base 6
-100544
-3815 (base 10) to base 12
-225b
-12029 (base 10) to base 9
-17445
-5721 (base 8) to base 4
-233101
Convert -4d67 (base 15) to base 10.
-16522
101110010 (base 2) to base 13
226
What is -939 (base 16) in base 10?
-2361
Convert 89a2 (base 16) to base 8.
104642
-20121111 (base 3) to base 6
-34151
84733 (base 9) to base 2
1101101011000001
39 (base 12) to base 13
36
602 (base 8) to base 15
1ab
Convert -324666 (base 7) to base 6.
-1115333
What is -2590 (base 11) in base 10?
-3366
2021200 (base 3) to base 13
9b1
Convert 7a57 (base 12) to base 3.
200122211
-3322 (base 4) to base 10
-250
What is 97b4 (base 12) in base 2?
100000100111000
What is 1112122 (base 4) in base 16?
159a
-210012020 (base 3) to base 10
-15450
ae4 (base 16) to base 8
5344
What is 10010000000101 (base 2) in base 15?
2aeb
Convert 2220221 (base 3) to base 16.
853
What is 9426 (base 12) in base 5?
1004113
What is -1001101 (base 2) in base 3?
-2212
What is -2767 (base 11) in base 2?
-110111111110
16346 (base 8) to base 11
5616
What is -2313013 (base 4) in base 14?
-43b1
What is 5743 (base 8) in base 4?
233203
10000101011001 (base 2) to base 13
3b69
121 (base 8) to base 15
56
What is -5535 (base 8) in base 13?
-142a
11340 (base 6) to base 10
1644
-320 (base 10) to base 11
-271
Convert 1100011001010 (base 2) to base 8.
14312
322220 (base 4) to base 13
1928
What is -3113 (base 5) in base 7?
-1122
Convert 433 (base 10) to base 15.
1dd
Convert 10111110101011 (base 2) to base 13.
5729
237e (base 15) to base 6
54532
Convert -431 (base 7) to base 13.
-13a
-1480 (base 14) to base 13
-1870
-1cca (base 15) to base 4
-1201321
Convert 10112110211 (base 3) to base 14.
1b517
Convert 436 (base 11) to base 10.
523
391 (base 12) to base 8
1035
What is 14541 (base 9) in base 2?
10011010111111
-33102 (base 8) to base 5
-421030
Convert 3428 (base 10) to base 9.
4628
-816 (base 12) to base 8
-2222
Convert 12527 (base 8) to base 3.
21111100
Convert -20202 (base 4) to base 3.
-202020
Convert -35505 (base 6) to base 16.
-1421
Convert -2b8 (base 15) to base 8.
-1157
Convert 5250 (base 12) to base 13.
4125
What is -443 (base 8) in base 7?
-564
What is -647 (base 11) in base 15?
-36c
What is 47873 (base 9) in base 15?
9776
5b5 (base 12) to base 16
359
Convert 804 (base 11) to base 12.
690
Convert 2001